h(l).
13
Let l(i) be the second derivative of -i**4/4 - 2*i**3 - 11*i**2/2 + 1765*i. What is l(-3)?
-2
Let y(a) = -6*a + 1. Let t = -9850 + 9851. Give y(t).
-5
Let i(b) = -25*b - 3*b**2 + 25*b + 4*b**2 + 12*b. Determine i(-6).
-36
Let k(i) = -i**3 + 12*i**2 - 7*i - 25. Let b(z) = 44*z + 1067. Let c be b(-24). Give k(c).
19
Let t(s) = -22*s**2 - 14*s**2 - 11*s + 1 + 31*s**2. Let x(u) = 9*u**2 + 21*u - 1. Let g(b) = 11*t(b) + 6*x(b). What is g(6)?
-1
Let w(t) be the third derivative of 1/12*t**4 + 0 - 11/3*t**3 + 13/60*t**5 - 1/120*t**6 + 0*t - 226*t**2. Calculate w(13).
4
Let u(p) = p - 7. Let i be u(10). Suppose -j + 4*j = i. Let y(h) = -h**3 - h. Let a(c) = -3*c**3 + c**2 - 3*c. Let q(f) = -2*a(f) + 5*y(f). Calculate q(j).
0
Let h(b) = b**3 + 2*b**2 - 2*b - 3. Suppose t = 2*t + 3*t. Suppose t = -2*o - 12*o. Let z be 1*(15 + o)/(-5). Determine h(z).
-6
Let a be (2 - (-24)/(-10))*25. Let r(i) = 14*i**3 - 65*i**2 + 27*i + 13. Let z(p) = 19*p**3 - 97*p**2 + 38*p + 20. Let k(g) = -7*r(g) + 5*z(g). Determine k(a).
-1
Let x = 196 + -192. Let k(f) = -x*f + f**2 + 62 + 2*f**2 - 2*f**2 - 63. Determine k(4).
-1
Let z(r) = r**2 + r - 6. Let b be z(0). Let n(y) = -18*y - 268. Let w be n(-15). Let g(d) = 155*d**w - 4*d - 301*d**2 + 3 + 145*d**2. What is g(b)?
-9
Let y(j) = 25*j**2. Suppose c = s - 1, 3*c - 2 = -2*s - 0*s. Give y(s).
25
Let a(y) = -y**2 + 2*y - 5. Let g = -5245 + 5249. Calculate a(g).
-13
Let o be 14/(-6)*-3 + -3 + -2. Suppose 3*y - 2 = o*y. Let j(a) = 4*a + 7*a**2 + 3*a**3 + 4*a - y*a**3 - 6 + 1. Give j(-6).
-17
Let n(o) = -2*o - 3. Suppose 7*g = 3*g + 500. Suppose g = 6*q + 89. Determine n(q).
-15
Suppose -6*i = -37 - 11. Let d(f) = -118*f + 61*f + 63*f + i + f**2. Give d(-6).
8
Let d(n) = -4*n**2 + 69*n - 17. Let v(z) = 11*z**2 - 216*z + 51. Let p(w) = -7*d(w) - 2*v(w). Calculate p(8).
-7
Let c(t) = 6*t - 7*t**2 - 3 + 4*t - 6*t. Let l be ((-16)/(-10))/((-496)/(-620)). Determine c(l).
-23
Let w(a) be the first derivative of -a**5/20 - 5*a**4/12 + 3*a**3/2 + 15*a**2/2 + 185*a - 177. Let y(g) be the first derivative of w(g). Determine y(-6).
-3
Suppose -843 = -14*o - 283. Let i(s) = -3*s + 122. Let g be i(o). Let v(q) = 7*q - 3. Determine v(g).
11
Let o(x) = 4 + 0 - 3. Suppose -5*p + 20 = -2*v, -v + p - 12 = v. Let d(j) = -12*j - 5. Let f(k) = v*o(k) - d(k). Give f(-1).
-12
Let z(v) be the first derivative of v**4/4 - 5*v**3/3 + v**2/2 - 3*v + 6. Suppose 2*n = -4*n + 54. Let c be (-112)/(-24) + (9/3)/n. Determine z(c).
2
Let y(f) = 8*f - 266. Suppose 404 = 67*s - 47*s - 256. Calculate y(s).
-2
Let c = -300 + 301. Let p be -65*c/(-7) - 230/805. Let t(u) = -u**3 + 8*u**2 + 7*u + 22. Determine t(p).
4
Suppose -t + 13 = 3*r, 6*t - 10*t + 4*r = -84. Let m(d) = d + t*d - 41*d - 5 + 10*d + 10*d. Give m(0).
-5
Suppose 55 = 5*a - 5*c, -5*a - 6*c + 8*c = -46. Let q(r) be the first derivative of -r**4/4 + 7*r**3/3 + 7*r**2/2 + 5*r + 1. Give q(a).
-3
Let q be 11/(-33)*(0 + 340 + -1). Let m = q + 113. Let s(i) = 20*i**2 + i - 4*i**2 + 8 - 8*i**2 - 7*i**2. What is s(m)?
8
Let o = 31 + -27. Suppose v - 3 + 0 = 0. Let q(h) = -1 - 7 - o - h**2 - 10*h + v. Calculate q(-6).
15
Let s(k) = -16*k**2 + 20*k - 15*k**2 + 83*k**2 + 73 - 33*k**2 - 18*k**2. What is s(-15)?
-2
Let g(j) = -2*j + 296 + 0*j + 320 - 876 + 322. Calculate g(16).
30
Let c(m) be the third derivative of m**4/24 + 5*m**3/6 - 5*m**2. Suppose 4*z - 2 = 3*z + l, -4*l = -2*z + 8. Suppose z = -s + 9*s. Determine c(s).
5
Let a(t) = 13*t**2 + t. Let r be (96/(-128))/(3/8*2). Give a(r).
12
Let b be 2/33*3 + 23850/110. Let c be (-124)/b - ((-48)/(-14) + 1). Let j(r) = r**2 + 3*r - 4. What is j(c)?
6
Let p(b) = -2*b + 14. Suppose 8*x + 279 + 121 = 0. Let l be (-17)/51 - x/6. Determine p(l).
-2
Let q(d) = -d - 4. Let k be q(3). Let v(m) = 16*m**2 + 26*m + 3. Let i(b) = -9*b**2 - 14*b - 3. Let j(w) = 7*i(w) + 4*v(w). Calculate j(k).
-2
Let a be (-8)/12 + (-26)/(-3). Let h(d) = 13*d + 5*d + 12 - 7*d**2 - a*d - 2*d**3 + d**3. Suppose -2*z = -4*l + 16, 0 + 16 = -2*z + 5*l. What is h(z)?
-4
Suppose 2*i + 3*i = -5*h + 25, 5*h = 2*i - 10. Suppose -3*d - i*d = -72. Suppose 0 = -d*v + 9 + 45. Let j(b) = -b**2 + 7*b + 3. What is j(v)?
9
Let c(b) = b**3 - 5*b**2 + 4*b - 4. Suppose -3*z + 5 = 11. Let x be (z + 18)*(-7)/(-14) + -2. Let n be x + (8/1)/(-4). Give c(n).
-4
Suppose -3*f - 145*h + 144*h + 27 = 0, -4*h = -3*f - 18. Let o(q) be the first derivative of q**2/2 + 2*q + 1. Give o(f).
8
Let r(t) = 2*t**3 - t**2 - 8*t - 1. Let x(s) = -2*s**3 + 6*s**2 - 14*s + 40. Let m be x(3). Determine r(m).
-5
Let l(j) be the second derivative of j**4/12 + 3*j**3/2 - 2*j**2 - 6*j. Let h be (32/(-9))/(-8) - (-304)/(-36). Give l(h).
-12
Let q(w) = 6*w**2 + 82*w + 54. Let n be q(-13). Let x(o) be the second derivative of 0 + 1/12*o**4 - o**n + 7/6*o**3 + 8*o. Determine x(-6).
-8
Let v(r) = 31 + 21 - 82 + 12*r - 5*r + 4*r. Give v(4).
14
Suppose -795*l + 801*l - 24 = 0. Suppose -17*w - 3*d - 30 = -20*w, l*w - 3*d = 36. Let z(s) = s**3 - 4*s**2 - 13*s + 3. Determine z(w).
-3
Let n(z) = 51*z**3 - 15*z**2 - 11*z - 13. Let k(b) = 61*b**3 - 15*b**2 - 10*b - 14. Let s(j) = 5*k(j) - 6*n(j). Give s(16).
8
Suppose -3*d = 3*d. Let p(v) = v. Let r be p(d). Let z(g) = -g. Let a(n) = 3*n + 6. Let s(h) = a(h) + 2*z(h). Calculate s(r).
6
Let x(t) = 13 + 8 + t**2 - 4*t + 2*t + 17*t + 32. Calculate x(-4).
9
Let s(v) = 18*v**2 + 54*v + 8. Let n(j) = 6*j**2 + 18*j + 5. Let k(o) = -11*n(o) + 4*s(o). Determine k(-4).
1
Let b(s) be the second derivative of -7*s**3 - 47*s**2 + 1213*s. Give b(-2).
-10
Let z(b) = -5 + 11 - 10 + b**2 + 5*b. Suppose 5*l - 29 = -5*d + 8*d, 0 = 5*l - 5. Calculate z(d).
20
Let m(l) be the second derivative of -6*l**2 - 62*l + 0 - 1/6*l**3. Suppose 2*v = 3*v. Determine m(v).
-12
Let m(o) = -19*o - 29. Let r be -4*1/6*87/29. What is m(r)?
9
Suppose 2*q - 409 = -4*a + 575, 5*q - 984 = -4*a. Let f be (1 - a/(-15)) + (-4)/10. Let i(v) = 29 - f + 4*v - 17 - 5*v. Calculate i(-9).
4
Let x = -71956 - -71958. Let n(d) = d - 5. Let r(f) = -4. Let m(s) = 3*n(s) - 4*r(s). Calculate m(x).
7
Let j be -4*10/(-16)*(-1)/(5/4). Let m(x) = 23*x + 27. Give m(j).
-19
Let b(q) = 4*q**3 + q**2 - 1. Let u(i) = -1 - i + 0*i - 1. Let k(v) = -v + 11. Let s be k(12). Let h be u(s). Calculate b(h).
-4
Let l be 30 - (4 - -16 - 0). Let t(g) = 6*g - 51. Calculate t(l).
9
Let n(b) = b + 3. Let a be n(3). Let l be (-1)/(-1)*(-21)/a*-38. Let g(v) = -4 + 5*v - 124*v**2 + 255*v**2 - l*v**2. Determine g(4).
-16
Let v = -51 + 57. Let u(p) = 5*p**2 + p + 4. Let d(t) = 14*t**2 + 4*t + 13. Let q(b) = v*d(b) - 17*u(b). Calculate q(9).
-8
Suppose -5*f = 4*y - 34, -147 = 3*f + 4*y - 169. Let p = 2 - 2. Suppose p*g = 3*g + f. Let n(s) = 3*s + 2. Calculate n(g).
-4
Let b(r) = -18*r - 5 - 22*r + 61*r - 19*r - 12*r. What is b(2)?
-25
Suppose -c = -5 + 1. Let w(j) = 0*j**2 - 3*j + c*j**2 - 3*j**2 + 3. Let z = -35 - -37. Give w(z).
1
Let o be ((-12)/9)/(1/3 + -1). Let g(t) = 3164 - t - 3167 + o*t. Determine g(2).
-1
Let c be (3/4)/(3/12). Suppose -4*s + 32 = -n, -c*s - 2*s + 41 = -n. Let r(b) be the first derivative of b**2/2 - 12*b + 66588. Calculate r(s).
-3
Suppose 3*o = 360 - 342. Let j(f) = 7 - 2011*f + 0 + 2002*f. Calculate j(o).
-47
Let q be (3*(-3)/(-9))/(1/56). Let d(f) = 1 + 5 - f**2 + q*f - 67*f - 1. What is d(-11)?
5
Let c be (8/(-5))/(32/(-80)). Suppose 12*w = c*w. Let k(r) = 62*r - 58*r + r**2 + w*r**2. What is k(-6)?
12
Let r(o) be the first derivative of -202 + 3*o**2 + 0*o - 1/3*o**3. Suppose 3*t = t + 12. Determine r(t).
0
Let c(g) = g**2 - 2. Let p be c(0). Let n(u) = 13 - 13*u - 2 - 26 + 8 + 9. Give n(p).
28
Let p(t) = -t - 53. Let d(f) = -f - 110. Let s(u) = -d(u) + 2*p(u). Give s(-6).
10
Suppose 2321*t - 830 = 2155*t. Let f(z) be the third derivative of -z**5/30 + 3*z**4/8 + 7*z**3/6 + z**2. Calculate f(t).
2
Let q(d) = -24*d - 21. Let z(j) = 169*j + 157. Let a(u) = -15*q(u) - 2*z(u). Calculate a(2).
45
Let o(y) = -y + 10. Let v be (0 - (-8)/(-4))*(1 + -2). Let r(j) = 3*j**2 + 3*j - 7. Let c be r(v). Give o(c).
-1
Let h(b) = 15*b - 18. Let c(k) = -33*k + 38. Let i(f) = 6*c(f) + 13*h(f). Calculate i(8).
-30
Let f(s) = 6*s + s**2 - 4*s + 12*s - 4. Let g(w) = 2*w**2 + 27*w - 8. Let v(u) = 11*f(u) - 6*g(u). Determine v(-8).
4
Let l be (1/(2/(-3)))/(6/(-44)).